12?
2
What is the units digit of 205?
5
What is the units digit of 566?
6
What is the units digit of 18463?
3
What is the hundreds digit of 1138?
1
What is the units digit of 2005?
5
What is the units digit of 5465?
5
What is the ten thousands digit of 57928?
5
What is the units digit of 236?
6
What is the tens digit of 12169?
6
What is the tens digit of 158?
5
What is the units digit of 10214?
4
What is the units digit of 2307?
7
What is the units digit of 16985?
5
What is the hundreds digit of 5409?
4
What is the tens digit of 2113?
1
What is the tens digit of 25039?
3
What is the tens digit of 859?
5
What is the hundreds digit of 62400?
4
What is the tens digit of 14725?
2
What is the thousands digit of 1508?
1
What is the units digit of 35?
5
What is the tens digit of 138389?
8
What is the units digit of 833?
3
What is the tens digit of 817?
1
What is the tens digit of 51?
5
What is the hundreds digit of 10515?
5
What is the units digit of 341?
1
What is the units digit of 791?
1
What is the thousands digit of 167816?
7
What is the tens digit of 580?
8
What is the tens digit of 18771?
7
What is the units digit of 2743?
3
What is the tens digit of 14473?
7
What is the units digit of 3469?
9
What is the hundreds digit of 3907?
9
What is the hundreds digit of 15942?
9
What is the tens digit of 308?
0
What is the tens digit of 5541?
4
What is the tens digit of 3165?
6
What is the ten thousands digit of 12511?
1
What is the hundreds digit of 2388?
3
What is the thousands digit of 13881?
3
What is the units digit of 6560?
0
What is the hundreds digit of 28435?
4
What is the units digit of 970?
0
What is the ten thousands digit of 47784?
4
What is the hundreds digit of 1299?
2
What is the thousands digit of 67369?
7
What is the thousands digit of 1948?
1
What is the hundreds digit of 2403?
4
What is the hundreds digit of 245?
2
What is the hundreds digit of 414?
4
What is the hundreds digit of 3380?
3
What is the tens digit of 415?
1
What is the tens digit of 1812?
1
What is the hundreds digit of 2538?
5
What is the units digit of 10464?
4
What is the hundreds digit of 93005?
0
What is the hundreds digit of 4802?
8
What is the units digit of 8?
8
What is the ten thousands digit of 125170?
2
What is the units digit of 719?
9
What is the hundreds digit of 138680?
6
What is the hundreds digit of 84340?
3
What is the hundreds digit of 33603?
6
What is the thousands digit of 1822?
1
What is the units digit of 1724?
4
What is the thousands digit of 159536?
9
What is the hundreds digit of 951?
9
What is the tens digit of 1153?
5
What is the hundreds digit of 6737?
7
What is the units digit of 16909?
9
What is the hundreds digit of 77279?
2
What is the units digit of 40003?
3
What is the hundreds digit of 43185?
1
What is the tens digit of 48455?
5
What is the tens digit of 10366?
6
What is the units digit of 2997?
7
What is the hundreds digit of 1424?
4
What is the hundreds digit of 581?
5
What is the units digit of 122261?
1
What is the hundreds digit of 3185?
1
What is the units digit of 2556?
6
What is the tens digit of 758?
5
What is the thousands digit of 2386?
2
What is the hundreds digit of 5067?
0
What is the tens digit of 7543?
4
What is the tens digit of 367?
6
What is the hundreds digit of 467?
4
What is the tens digit of 109?
0
What is the thousands digit of 1302?
1
What is the tens digit of 418?
1
What is the tens digit of 18884?
8
What is the thousands digit of 1900?
1
What is the hundreds digit of 6065?
0
What is the hundreds digit of 120216?
2
What is the tens digit of 1846?
4
What is the hundreds digit of 1074?
0
What is the ten thousands digit of 11748?
1
What is the tens digit of 310?
1
What is the tens digit of 367?
6
What is the hundreds digit of 975?
9
What is the units digit of 67615?
5
What is the units digit of 13074?
4
What is the hundreds digit of 31594?
5
What is the hundreds digit of 860?
8
What is the tens digit of 3057?
5
What is the tens digit of 9483?
8
What is the tens digit of 57738?
3
What is the hundreds digit of 55056?
0
What is the tens digit of 2106?
0
What is the tens digit of 1479?
7
What is the tens digit of 669?
6
What is the hundreds digit of 210?
2
What is the thousands digit of 2832?
2
What is the hundreds digit of 9586?
5
What is the hundreds digit of 2000?
0
What is the tens digit of 22120?
2
What is the tens digit of 58450?
5
What is the thousands digit of 53099?
3
What is the units digit of 1314?
4
What is the hundreds digit of 3795?
7
What is the units digit of 15907?
7
What is the ten thousands digit of 51628?
5
What is the hundreds digit of 1694?
6
What is the hundreds digit of 230?
2
What is the tens digit of 1929?
2
What is the thousands digit of 15927?
5
What is the ten thousands digit of 16565?
1
What is the tens digit of 629?
2
What is the units digit of 130401?
1
What is the units digit of 718?
8
What is the hundreds digit of 41629?
6
What is the units digit of 16735?
5
What is the thousands digit of 82384?
2
What is the units digit of 966?
6
What is the thousands digit of 1188?
1
What is the thousands digit of 43882?
3
What is the tens digit of 1895?
9
What is the tens digit of 52046?
4
What is the units digit of 1116?
6
What is the tens digit of 1837?
3
What is the tens digit of 849?
4
What is the tens digit of 91174?
7
What is the tens digit of 9788?
8
What is the hundreds digit of 4033?
0
What is the tens digit of 6971?
7
What is the thousands digit of 12325?
2
What is the thousands digit of 3121?
3
What is the units digit of 22232?
2
What is the ten thousands digit of 11341?
1
What is the hundreds digit of 3353?
3
What is the units digit of 12644?
4
What is the thousands digit of 60772?
0
What is the tens digit of 6191?
9
What is the hundreds digit of 8483?
4
What is the ten thousands digit of 90390?
9
What is the hundreds digit of 10170?
1
What is the hundreds digit of 605?
6
What is the thousands digit of 26397?
6
What is the units digit of 1768?
8
What is the thousands digit of 2424?
2
What is the units digit of 1874?
4
What is the hundreds digit of 94300?
3
What is the hundreds digit of 1597?
5
What is the thousands digit of 4312?
4
What is the units digit of 9328?
8
What is the units digit of 5870?
0
What is the thousands digit of 46459?
6
What is the units digit of 53?
3
What is the units digit of 23710?
0
What is the tens digit of 714?
1
What is the tens digit of 2452?
5
What is the thousands digit of 2847?
2
What is the tens digit of 3895?
9
What is the units digit of 677?
7
What is the hundreds digit of 110?
1
What is the tens digit of 1403?
0
What is the hundreds digit of 2641?
6
What is the tens digit of 27449?
4
What is the hundreds digit of 9670?
6
What is the units digit of 4129?
9
What is the ten thousands digit of 59896?
5
What is the units digit of 4421?
1
What is the units digit of 23447?
7
What is the hundreds digit of 3652?
6
What is the tens digit of 484?
8
What is the hundreds digit of 30376?
3
What is the units digit of 667?
7
What is the tens digit of 28631?
3
What is the units digit of 2146?
6
What is the thousands digit of 8714?
8
What is the tens digit of 4817?
1
What is the thousands digit of 34793?
4
What is the thousands digit of 5648?
5
What is the units digit of 27345?
5
What is the tens digit of 121266?
6
What is the ten thousands digit of 10281?
1
What is the tens digit of 11397?
9
What is the ten thousands digit of 56138?
5
What is the thousands digit of 3826?
3
What is the thousands digit of 6938?
6
What is the tens digit of 14290?
9
What is the thousands digit of 2335?
2
What is the thousands digit of 121260?
1
What is the hundreds digit of 7246?
2
What is the tens digit of 2540?
4
What is the hundreds digit of 16621?
6
What is the hundreds digit of 65830?
8
What is the thousands digit of 9371?
9
What is the thousands digit of 4299?
4
What is the units digit of 118?
8
What is the tens digit of 1303?
0
What is the hundreds digit of 250?
2
What is the tens digit of 3413?
1
What is the units digit of 36735?
5
What is the thousands digit of 1109?
1
What is the hundreds digit of 13804?
8
What is the units digit of 953?
3
What is the hundreds digit of 1300?
3
What is the units digit of 8545?
5
What is the tens digit of 661?
6
What is the units digit of 4